factor of 1351877?
True
Is 94 a factor of 30478466?
True
Is 45361212 a multiple of 176?
False
Is 51 a factor of 23006199?
False
Is 45 a factor of 371409750?
True
Is 410 a factor of 8867890?
True
Is 28608815 a multiple of 14?
False
Is 180886203 a multiple of 27?
True
Does 2295 divide 1593643763?
False
Is 173368356 a multiple of 14?
True
Is 189 a factor of 101774232?
True
Does 1755 divide 95512669?
False
Does 41 divide 24320667?
True
Is 3730 a factor of 82281218?
False
Is 37390690 a multiple of 420?
False
Is 17160552 a multiple of 12?
True
Does 2226 divide 60196634?
False
Is 3689545254 a multiple of 7838?
False
Is 2009937251 a multiple of 6664?
False
Is 2379 a factor of 69977514?
False
Is 406941903 a multiple of 1145?
False
Is 46693975 a multiple of 67?
True
Is 19 a factor of 12614079?
False
Is 32 a factor of 668170969?
False
Is 16366787 a multiple of 52?
False
Is 432 a factor of 120117066?
False
Is 1348380564 a multiple of 9980?
False
Is 1793137360 a multiple of 7?
True
Is 962 a factor of 58049004?
True
Is 2437 a factor of 261876878?
False
Does 67 divide 5905313?
True
Does 1419 divide 12663168?
False
Is 28 a factor of 1482136?
False
Does 2033 divide 72124741?
True
Is 223 a factor of 90575934?
False
Is 529996518 a multiple of 78?
False
Is 38607170 a multiple of 238?
True
Does 21 divide 730033983?
True
Is 1337 a factor of 312541131?
True
Is 149054927 a multiple of 1265?
False
Is 1097 a factor of 452588193?
True
Does 11 divide 1663615030?
True
Is 24 a factor of 61593891?
False
Is 681 a factor of 247475404?
False
Does 15 divide 1761904289?
False
Does 4761 divide 76399767?
True
Is 13 a factor of 2050945624?
True
Is 13751914 a multiple of 45?
False
Is 630 a factor of 475922962?
False
Is 1608 a factor of 147629527?
False
Is 25545632 a multiple of 224?
True
Is 190 a factor of 76441560?
True
Is 30649488 a multiple of 1752?
True
Is 10400 a factor of 382665550?
False
Is 297106 a multiple of 149?
True
Is 231 a factor of 847598829?
True
Is 799 a factor of 71683084?
True
Is 638200408 a multiple of 49?
False
Is 150310944 a multiple of 16?
True
Is 2178 a factor of 417918996?
True
Is 5617300 a multiple of 290?
True
Is 21 a factor of 114631457?
False
Is 9 a factor of 53878194?
True
Is 709 a factor of 107590279?
False
Is 57250760 a multiple of 10?
True
Is 975672 a multiple of 54?
True
Does 2 divide 69654461?
False
Is 8 a factor of 1403710530?
False
Is 17 a factor of 7707630?
True
Is 6 a factor of 662951988?
True
Is 14 a factor of 279215930?
True
Does 98 divide 3088093190?
True
Is 982 a factor of 5575703692?
True
Is 6153 a factor of 2180733954?
True
Is 88 a factor of 182665824?
True
Is 52765929 a multiple of 15?
False
Is 8 a factor of 5547648?
True
Is 24940996 a multiple of 8?
False
Does 121 divide 461590725?
False
Does 63 divide 190288413?
True
Is 1595 a factor of 178306645?
True
Is 17361480 a multiple of 120?
True
Is 114324448 a multiple of 49?
True
Is 17079550 a multiple of 5?
True
Is 880067072 a multiple of 1341?
False
Is 2300 a factor of 60434800?
True
Does 296 divide 349394552?
True
Is 596 a factor of 3398234060?
True
Is 99464346 a multiple of 226?
False
Is 240309994 a multiple of 19?
False
Is 590842182 a multiple of 157?
True
Is 48 a factor of 2512188000?
True
Is 804680 a multiple of 5?
True
Is 1313 a factor of 998184768?
False
Does 161 divide 1996560839?
True
Does 43 divide 207401386?
False
Is 156835636 a multiple of 318?
False
Is 10 a factor of 160017033?
False
Is 19 a factor of 18458567?
False
Is 121223536 a multiple of 112?
True
Is 78313330 a multiple of 265?
True
Does 8235 divide 1647131760?
True
Is 41221231 a multiple of 59?
False
Is 224415315 a multiple of 15?
True
Is 452870118 a multiple of 66?
False
Is 47953176 a multiple of 234?
False
Is 25812642 a multiple of 15?
False
Is 219551 a multiple of 241?
True
Is 2151 a factor of 126797148?
True
Is 1247 a factor of 12433837?
True
Does 3 divide 2123094?
True
Is 14 a factor of 70749583?
False
Is 136072621 a multiple of 41?
False
Does 4 divide 949448?
True
Is 42 a factor of 1902796167?
False
Is 6739914 a multiple of 6?
True
Is 21315323 a multiple of 1157?
False
Does 78 divide 179496330?
True
Does 8 divide 38129624?
True
Does 37 divide 11065886?
True
Is 61 a factor of 421258009?
True
Is 63033893 a multiple of 4?
False
Is 57441306 a multiple of 186?
False
Is 5274 a factor of 267363904?
False
Is 13352597 a multiple of 29?
False
Is 8 a factor of 7701918?
False
Is 445628664 a multiple of 104?
True
Is 52123050 a multiple of 21?
True
Does 4411 divide 239674437?
False
Is 95 a factor of 8991291?
False
Is 26362850 a multiple of 619?
False
Does 205 divide 542883092?
False
Is 27 a factor of 1815382314?
True
Is 133505612 a multiple of 19?
False
Is 197 a factor of 19965950?
True
Does 188 divide 50667795?
False
Does 96 divide 20345926?
False
Does 7 divide 65731300?
False
Is 11499711 a multiple of 145?
False
Does 11 divide 255295711?
True
Is 6 a factor of 31175988?
True
Is 62978512 a multiple of 750?
False
Does 8 divide 371466424?
True
Is 17980425 a multiple of 785?
True
Is 1127 a factor of 148342000?
False
Is 266826211 a multiple of 1892?
False
Is 37849469 a multiple of 228?
False
Does 348 divide 45413165?
False
Is 531489466 a multiple of 5?
False
Does 129 divide 727625661?
True
Is 131 a factor of 778398594?
True
Does 14 divide 900802547?
False
Does 781 divide 878155619?
True
Is 745 a factor of 198593951?
False
Is 194637635 a multiple of 34?
False
Does 10 divide 357315350?
True
Does 23 divide 184850402?
True
Is 1228478790 a multiple of 1074?
True
Is 351914008 a multiple of 9566?
True
Is 338 a factor of 50883196?
True
Is 22 a factor of 223238553?
False
Is 1239 a factor of 359357460?
False
Does 15 divide 459161145?
True
Is 14 a factor of 13531378?
True
Is 907849 a multiple of 2?
False
Is 327 a factor of 56924624?
False
Is 29 a factor of 16615086?
True
Is 3335 a factor of 6227565560?
True
Is 15811502 a multiple of 7?
True
Is 45 a factor of 767778840?
True
Is 95 a factor of 137479700?
False
Is 6 a factor of 16201421?
False
Is 2 a factor of 19214787?
False
Is 27 a factor of 161447445?
True
Does 1630 divide 448621095?
False
Is 8 a factor of 287325322?
False
Is 10356 a factor of 2340519721?
False
Is 4329758 a multiple of 29?
True
Does 168 divide 59150852?
False
Does 177 divide 183199425?
True
Is 77994273 a multiple of 7?
True
Is 776417953 a multiple of 12?
False
Is 2938095380 a multiple of 12?
False
Is 28404928 a multiple of 16?
True
Does 14 divide 54631514?
True
Is 7 a factor of 2396918?
False
Is 1577 a factor of 187223472?
False
Is 118 a factor of 16757888?
True
Is 91 a factor of 430118598?
True
Is 86783024 a multiple of 676?
False
Does 59 divide 1299401132?
True
Is 56816721 a multiple of 4203?
False
Is 137007475 a multiple of 25?
True
Is 531564024 a multiple of 12?
True
Does 91 divide 3784034048?
False
Is 107883136 a multiple of 1312?
True
Is 134310000 a multiple of 2000?
True
Is 623 a factor of 30809090?
False
Is 7 a factor of 109015314?
False
Is 75634986 a multiple of 743?
False
Is 2 a factor of 52040546?
True
Is 13 a factor of 57502146?
True
Is 484 a factor of 833361080?
False
Is 6 a factor of 91297951?
False
Does 508 divide 271289780?
True
Is 57969269 a multiple of 391?
True
Does 110 divide 27742721?
False
Is 26 a factor of 67316284?
False
Is 647 a factor of 3049997278?
False
Is 4 a factor of 19573604?
True
Is 1872 a factor of 169630622?
False
Is 173243900 a multiple of 19?
True
Does 41 divide 179935388?
True
Is 556 a factor of 52908960?
True
Is 158 a factor of 35239535?
False
Is 27 a factor of 26592480?
False
Does 1004 divide 103502082?
False
Is 225 a factor of 15966675?
True
Does 39 divide 50226930?
True
Does 49 divide 934882515?
True
Does 1386 divide 85469770?
False
Does 1055 divide 56297965?
True
Is 26 a factor of 86272212?
True
Is 29 a factor of 9131804?
False
Does 4 divide 99000617?
False
Is 82986318 a multiple of 558?
True
Does 6 divide 207550866?
True
Does 14 divide 123774065?
False
Is 2073 a factor of 31681423?
False
Is 6758 a factor of 95281042?
True
Does 20 divide 950588547?
False
Is 117675504 a multiple of 3636?
True
Is 142679441 a multiple of 1594?
False
Is 884991 a multiple of 3?
True
Is 31601515 a multiple of 2035?
True
Is 248998952 a multiple of 145?
False
Is 4393776 a multiple of 12?
True
Is 38 a fac